
What is the hundreds digit of 766233?
2
What is the hundreds digit of 11673829?
8
What is the tens digit of 192808?
0
What is the hundreds digit of 2288624?
6
What is the tens digit of 2433193?
9
What is the thousands digit of 813192?
3
What is the units digit of 3466724?
4
What is the units digit of 1038511?
1
What is the hundreds digit of 23335?
3
What is the hundred thousands digit of 30300605?
3
What is the ten thousands digit of 22800490?
0
What is the millions digit of 5003550?
5
What is the hundreds digit of 2540819?
8
What is the units digit of 27284223?
3
What is the hundreds digit of 1702414?
4
What is the thousands digit of 13924?
3
What is the ten thousands digit of 47793?
4
What is the ten thousands digit of 260233?
6
What is the ten thousands digit of 15162575?
6
What is the hundred thousands digit of 971288?
9
What is the units digit of 219629?
9
What is the ten thousands digit of 705876?
0
What is the tens digit of 482030?
3
What is the hundreds digit of 9335413?
4
What is the hundreds digit of 20626429?
4
What is the tens digit of 37011586?
8
What is the units digit of 1271669?
9
What is the ten millions digit of 19022179?
1
What is the millions digit of 21887978?
1
What is the hundred thousands digit of 915947?
9
What is the ten thousands digit of 904744?
0
What is the thousands digit of 1298157?
8
What is the thousands digit of 337430?
7
What is the ten thousands digit of 5968004?
6
What is the millions digit of 2513212?
2
What is the hundred thousands digit of 2013940?
0
What is the tens digit of 4106215?
1
What is the hundred thousands digit of 1809173?
8
What is the units digit of 117832?
2
What is the thousands digit of 366126?
6
What is the thousands digit of 4009410?
9
What is the tens digit of 4715548?
4
What is the tens digit of 24672612?
1
What is the thousands digit of 1218436?
8
What is the hundreds digit of 2621568?
5
What is the millions digit of 11733163?
1
What is the hundreds digit of 319268?
2
What is the tens digit of 582524?
2
What is the hundred thousands digit of 574029?
5
What is the thousands digit of 6541783?
1
What is the tens digit of 5717372?
7
What is the units digit of 2231398?
8
What is the millions digit of 15332518?
5
What is the ten thousands digit of 24903999?
0
What is the units digit of 188438?
8
What is the hundred thousands digit of 2811572?
8
What is the tens digit of 26347089?
8
What is the hundred thousands digit of 26365325?
3
What is the hundreds digit of 12060146?
1
What is the ten thousands digit of 1079207?
7
What is the thousands digit of 312958?
2
What is the hundreds digit of 199281?
2
What is the units digit of 55150?
0
What is the ten thousands digit of 600542?
0
What is the ten thousands digit of 10799747?
9
What is the thousands digit of 348942?
8
What is the units digit of 1524084?
4
What is the hundred thousands digit of 1509821?
5
What is the tens digit of 405959?
5
What is the millions digit of 9178226?
9
What is the thousands digit of 865440?
5
What is the thousands digit of 7661224?
1
What is the tens digit of 14326716?
1
What is the units digit of 5353468?
8
What is the tens digit of 4172434?
3
What is the hundreds digit of 11465696?
6
What is the tens digit of 1550093?
9
What is the millions digit of 7544343?
7
What is the hundred thousands digit of 17386470?
3
What is the hundreds digit of 178860?
8
What is the hundred thousands digit of 19166410?
1
What is the hundred thousands digit of 699153?
6
What is the millions digit of 4837130?
4
What is the ten millions digit of 15577847?
1
What is the tens digit of 752717?
1
What is the units digit of 5479100?
0
What is the ten thousands digit of 1132621?
3
What is the tens digit of 198854?
5
What is the tens digit of 571272?
7
What is the units digit of 18912227?
7
What is the millions digit of 7927797?
7
What is the hundreds digit of 2579413?
4
What is the tens digit of 4962251?
5
What is the units digit of 131031?
1
What is the units digit of 18863023?
3
What is the hundred thousands digit of 3537036?
5
What is the hundred thousands digit of 167040?
1
What is the units digit of 104300?
0
What is the tens digit of 3265845?
4
What is the tens digit of 143264?
6
What is the tens digit of 23093593?
9
What is the units digit of 212133?
3
What is the thousands digit of 6023583?
3
What is the hundreds digit of 9837319?
3
What is the units digit of 13485884?
4
What is the units digit of 27202?
2
What is the units digit of 651698?
8
What is the hundreds digit of 3967711?
7
What is the millions digit of 5404456?
5
What is the millions digit of 1575415?
1
What is the units digit of 30135?
5
What is the hundreds digit of 812379?
3
What is the tens digit of 15784696?
9
What is the hundreds digit of 10359246?
2
What is the tens digit of 392884?
8
What is the millions digit of 3351415?
3
What is the hundreds digit of 258934?
9
What is the millions digit of 4031180?
4
What is the units digit of 13097258?
8
What is the units digit of 1868205?
5
What is the thousands digit of 1548794?
8
What is the tens digit of 502254?
5
What is the ten thousands digit of 625836?
2
What is the units digit of 412462?
2
What is the hundred thousands digit of 2202250?
2
What is the ten thousands digit of 1639905?
3
What is the ten thousands digit of 5571948?
7
What is the thousands digit of 17027289?
7
What is the ten thousands digit of 68862?
6
What is the hundreds digit of 4928004?
0
What is the tens digit of 5301232?
3
What is the millions digit of 2701313?
2
What is the hundreds digit of 16922739?
7
What is the ten thousands digit of 4912619?
1
What is the thousands digit of 766871?
6
What is the millions digit of 9217976?
9
What is the hundred thousands digit of 163590?
1
What is the thousands digit of 1261358?
1
What is the hundreds digit of 4150846?
8
What is the ten millions digit of 24866897?
2
What is the tens digit of 800409?
0
What is the hundred thousands digit of 6353991?
3
What is the ten thousands digit of 699389?
9
What is the ten thousands digit of 284031?
8
What is the ten thousands digit of 1107667?
0
What is the units digit of 377017?
7
What is the millions digit of 3287678?
3
What is the units digit of 132088?
8
What is the thousands digit of 227773?
7
What is the thousands digit of 113398?
3
What is the ten thousands digit of 7422949?
2
What is the millions digit of 2500867?
2
What is the tens digit of 1011350?
5
What is the thousands digit of 5805862?
5
What is the tens digit of 1032775?
7
What is the tens digit of 241736?
3
What is the thousands digit of 827450?
7
What is the ten thousands digit of 4407986?
0
What is the tens digit of 4595046?
4
What is the tens digit of 20394588?
8
What is the ten thousands digit of 181851?
8
What is the hundred thousands digit of 5092197?
0
What is the hundred thousands digit of 287749?
2
What is the thousands digit of 4778021?
8
What is the units digit of 2784986?
6
What is the thousands digit of 172083?
2
What is the hundreds digit of 1634803?
8
What is the hundreds digit of 40364?
3
What is the millions digit of 1434800?
1
What is the units digit of 1886887?
7
What is the tens digit of 820776?
7
What is the ten thousands digit of 869519?
6
What is the units digit of 2992759?
9
What is the thousands digit of 434997?
4
What is the tens digit of 398821?
2
What is the millions digit of 2364955?
2
What is the tens digit of 60721?
2
What is the hundred thousands digit of 23035387?
0
What is the hundred thousands digit of 1400350?
4
What is the tens digit of 732761?
6
What is the hundreds digit of 464531?
5
What is the units digit of 6650301?
1
What is the thousands digit of 5046318?
6
What is the millions digit of 27349979?
7
What is the units digit of 318376?
6
What is the ten thousands digit of 1293837?
9
What is the tens digit of 13842723?
2
What is the tens digit of 112882?
8
What is the units digit of 1876275?
5
What is the ten thousands digit of 1550420?
5
What is the ten millions digit of 25441388?
2
What is the tens digit of 1764150?
5
What is the ten thousands digit of 371564?
7
What is the millions digit of 3611154?
3
What is the hundreds digit of 781963?
9
What is the tens digit of 862165?
6
What is the hundred thousands digit of 4124194?
1
What is the tens digit of 2023565?
6
Wha